r when 112 is divided by 47?
18
Calculate the remainder when 761 is divided by 111.
95
Calculate the remainder when 127 is divided by 20.
7
Calculate the remainder when 62 is divided by 37.
25
What is the remainder when 62 is divided by 28?
6
Calculate the remainder when 852 is divided by 19.
16
What is the remainder when 113 is divided by 46?
21
What is the remainder when 347 is divided by 10?
7
Calculate the remainder when 183 is divided by 171.
12
What is the remainder when 611 is divided by 124?
115
What is the remainder when 2145 is divided by 52?
13
Calculate the remainder when 142 is divided by 137.
5
Calculate the remainder when 187 is divided by 12.
7
Calculate the remainder when 646 is divided by 84.
58
Calculate the remainder when 1402 is divided by 50.
2
Calculate the remainder when 187 is divided by 70.
47
What is the remainder when 486 is divided by 14?
10
Calculate the remainder when 1720 is divided by 438.
406
What is the remainder when 106 is divided by 30?
16
What is the remainder when 1348 is divided by 45?
43
What is the remainder when 1076 is divided by 98?
96
Calculate the remainder when 124 is divided by 12.
4
What is the remainder when 5022 is divided by 143?
17
What is the remainder when 199 is divided by 52?
43
Calculate the remainder when 88 is divided by 27.
7
What is the remainder when 2427 is divided by 16?
11
What is the remainder when 75 is divided by 20?
15
Calculate the remainder when 2848 is divided by 31.
27
Calculate the remainder when 2272 is divided by 5.
2
Calculate the remainder when 62 is divided by 13.
10
Calculate the remainder when 2962 is divided by 1465.
32
What is the remainder when 253 is divided by 77?
22
What is the remainder when 298 is divided by 12?
10
What is the remainder when 243 is divided by 8?
3
Calculate the remainder when 49394 is divided by 106.
104
What is the remainder when 1300 is divided by 14?
12
What is the remainder when 821 is divided by 64?
53
Calculate the remainder when 1376 is divided by 81.
80
Calculate the remainder when 122 is divided by 31.
29
Calculate the remainder when 85 is divided by 31.
23
What is the remainder when 19688 is divided by 10?
8
What is the remainder when 176 is divided by 15?
11
Calculate the remainder when 32 is divided by 20.
12
Calculate the remainder when 285 is divided by 191.
94
Calculate the remainder when 530 is divided by 13.
10
What is the remainder when 1243 is divided by 154?
11
Calculate the remainder when 155 is divided by 54.
47
Calculate the remainder when 680 is divided by 139.
124
What is the remainder when 1056 is divided by 120?
96
Calculate the remainder when 42 is divided by 22.
20
Calculate the remainder when 75 is divided by 65.
10
Calculate the remainder when 2034 is divided by 22.
10
What is the remainder when 112 is divided by 29?
25
Calculate the remainder when 1040 is divided by 33.
17
What is the remainder when 39787 is divided by 346?
343
Calculate the remainder when 80 is divided by 72.
8
Calculate the remainder when 151 is divided by 18.
7
What is the remainder when 1221 is divided by 404?
9
What is the remainder when 99 is divided by 17?
14
What is the remainder when 66 is divided by 26?
14
What is the remainder when 15 is divided by 10?
5
Calculate the remainder when 135 is divided by 47.
41
Calculate the remainder when 5298 is divided by 241.
237
Calculate the remainder when 764 is divided by 51.
50
Calculate the remainder when 267 is divided by 68.
63
Calculate the remainder when 1772 is divided by 71.
68
Calculate the remainder when 173 is divided by 88.
85
Calculate the remainder when 21384 is divided by 235.
234
What is the remainder when 36 is divided by 14?
8
Calculate the remainder when 388 is divided by 8.
4
What is the remainder when 813 is divided by 91?
85
Calculate the remainder when 695 is divided by 371.
324
Calculate the remainder when 1483 is divided by 375.
358
What is the remainder when 550 is divided by 156?
82
Calculate the remainder when 1793 is divided by 75.
68
Calculate the remainder when 1521 is divided by 455.
156
What is the remainder when 90 is divided by 19?
14
What is the remainder when 397 is divided by 122?
31
What is the remainder when 214 is divided by 69?
7
What is the remainder when 939 is divided by 20?
19
What is the remainder when 24 is divided by 24?
0
What is the remainder when 1712 is divided by 35?
32
What is the remainder when 1393 is divided by 109?
85
Calculate the remainder when 732 is divided by 67.
62
Calculate the remainder when 398 is divided by 67.
63
Calculate the remainder when 4942 is divided by 6.
4
Calculate the remainder when 2018 is divided by 20.
18
What is the remainder when 2414 is divided by 493?
442
Calculate the remainder when 6098 is divided by 107.
106
Calculate the remainder when 3804 is divided by 14.
10
Calculate the remainder when 63 is divided by 18.
9
What is the remainder when 2450 is divided by 15?
5
What is the remainder when 249 is divided by 36?
33
What is the remainder when 14519 is divided by 55?
54
Calculate the remainder when 3083 is divided by 14.
3
What is the remainder when 1393 is divided by 15?
13
What is the remainder when 1166 is divided by 1166?
0
What is the remainder when 279 is divided by 117?
45
What is the remainder when 261 is divided by 74?
39
What is the remainder when 4985 is divided by 31?
25
What is the remainder when 1816 is divided by 109?
72
What is the remainder when 274 is divided by 56?
50
Calculate the remainder when 2542 is divided by 134.
130
What is the remainder when 179 is divided by 36?
35
Calculate the remainder when 279 is divided by 143.
136
Calculate the remainder when 252 is divided by 54.
36
What is the remainder when 363 is divided by 6?
3
What is the remainder when 448 is divided by 73?
10
Calculate the remainder when 950 is divided by 34.
32
Calculate the remainder when 17084 is divided by 178.
174
Calculate the remainder when 694 is divided by 58.
56
Calculate the remainder when 63 is divided by 17.
12
What is the remainder when 3344 is divided by 27?
23
What is the remainder when 400 is divided by 31?
28
What is the remainder when 1641 is divided by 813?
15
What is the remainder when 1366 is divided by 72?
70
Calculate the remainder when 69 is divided by 11.
3
Calculate the remainder when 803 is divided by 58.
49
What is the remainder when 121 is divided by 89?
32
Calculate the remainder when 1000 is divided by 55.
10
Calculate the remainder when 144 is divided by 65.
14
Calculate the remainder when 4300 is divided by 6.
4
Calculate the remainder when 195 is divided by 65.
0
What is the remainder when 472 is divided by 44?
32
What is the remainder when 432 is divided by 44?
36
Calculate the remainder when 281 is divided by 61.
37
Calculate the remainder when 211 is divided by 107.
104
What is the remainder when 2663 is divided by 72?
71
What is the remainder when 241 is divided by 2?
1
What is the remainder when 922 is divided by 103?
98
What is the remainder when 10184 is divided by 97?
96
What is the remainder when 893 is divided by 217?
25
Calculate the remainder when 535 is divided by 1.
0
What is the remainder when 1 is divided by 1?
0
What is the remainder when 3668 is divided by 1829?
10
Calculate the remainder when 436 is divided by 34.
28
What is the remainder when 235 is divided by 80?
75
What is the remainder when 1414 is divided by 179?
161
Calculate the remainder when 216 is divided by 69.
9
Calculate the remainder when 528 is divided by 305.
223
Calculate the remainder when 85751 is divided by 397.
396
Calculate the remainder when 454 is divided by 1.
0
Calculate the remainder when 4937 is divided by 548.
5
What is the remainder when 326 is divided by 15?
11
Calculate the remainder when 3373 is divided by 7.
6
Calculate the remainder when 163 is divided by 25.
13
Calculate the remainder when 4685 is divided by 71.
70
What is the remainder when 306 is divided by 22?
20
What is the remainder when 617 is divided by 308?
1
What is the remainder when 255 is divided by 135?
120
What is the remainder when 154 is divided by 28?
14
What is the remainder when 92 is divided by 7?
1
What is the remainder when 157 is divided by 50?
7
Calculate the remainder when 171 is divided by 13